 Let a = 7 - -7. Let b = -16 + a. What are the prime factors of r(b)?
2
Suppose 0 = -4*w + 3*m - 77 - 16, -w - 20 = -4*m. Let d = w - -41. List the prime factors of d.
17
Let y = -1488 - -1832. List the prime factors of y.
2, 43
Let u = -470 + 945. What are the prime factors of u?
5, 19
Suppose -2*u + 21 = -4*g + 1, -2*u - 25 = 5*g. Suppose -1 = -5*k - 3*i - u, -k + 3*i + 11 = 0. List the prime factors of 1*1/k*38.
19
Suppose 2*f = -13 - 15. Let w = f + 17. Suppose -w*k + 37 = 10. What are the prime factors of k?
3
Let q(l) = 35*l**2 + 14*l + 25. List the prime factors of q(-4).
23
Suppose -1058 = -6*v - 1040. Let p = 69 - 45. Suppose 96 = 2*b + 2*w, v*w + p + 47 = 2*b. List the prime factors of b.
43
Suppose z + 2526 = 2*x, -3*x + 0 = z - 3779. List the prime factors of x.
13, 97
Let i(g) be the first derivative of 43*g**2/2 + 2*g - 7. What are the prime factors of i(1)?
3, 5
Let p(h) = 34*h + 82. What are the prime factors of p(11)?
2, 3, 19
Let c be ((-5)/2)/(6/(-12)). Let t = c - 0. What are the prime factors of t?
5
Let m = 24 - 4. Suppose -m*j + 15*j + 280 = 0. What are the prime factors of j?
2, 7
List the prime factors of 1*22*146*7/28.
11, 73
Let y = -223 - -463. What are the prime factors of y?
2, 3, 5
Let s(u) be the third derivative of u**5/60 - 3*u**4/4 + 25*u**3/6 - u**2. Suppose -2*o - 5*y = -2*y - 19, 0 = 5*y + 25. What are the prime factors of s(o)?
2
Suppose 10 = -7*r + 12*r. What are the prime factors of 804/8 + (-3)/r?
3, 11
Suppose j - 698 = d + d, -j + 4*d = -696. Suppose -10*v = -3*v - j. What are the prime factors of v?
2, 5
Let p(x) = -x + 4. Let u be p(2). Suppose -202 = -4*q - u. List the prime factors of q.
2, 5
Let g = -1148 + 5500. List the prime factors of g.
2, 17
Suppose f + 4 = 0, 4*v - 3*f = -v - 58. Let k(z) = -z**2 - 18*z - 2. List the prime factors of k(v).
2, 3
Suppose 6 = -5*a + 1. What are the prime factors of 749/(-14)*(a + -1)?
107
Let a be ((-117)/52)/((-1)/(-4)). Let l = 4 - a. Suppose 2*m - l = -3*j, 3 = -3*m - 0. What are the prime factors of j?
5
Suppose 7*o - 6*o = 13. Let w = -10 + o. What are the prime factors of (w - (2 + 12))/(-1)?
11
Let h be 4 + 6/(-3) + 314. Suppose 7*c = 3*c + h. Let w = c - 55. List the prime factors of w.
2, 3
Let q be (-2 + 1 + -3 + 3)*-2. Suppose 4*r + 3*u - 54 = 0, -4*r + 17 + 39 = q*u. What are the prime factors of r?
3, 5
Suppose 573 = 6*f - 1077. List the prime factors of f.
5, 11
Let c(l) = l - 7. Let w be c(9). Suppose -20 = -w*f - 8. Suppose -i - 145 = -f*i. What are the prime factors of i?
29
Suppose 1338 = -469*n + 473*n + 5*q, -3*n + 4*q = -988. What are the prime factors of n?
2, 83
Let g = -749 - -1498. What are the prime factors of g?
7, 107
Let m = 1833 - 1282. List the prime factors of m.
19, 29
Let h(x) = 988*x**3 + x**2 - 12*x + 11. List the prime factors of h(1).
2, 13, 19
Let w = -1 + 8. Let j = -26 + w. Let z = j - -23. List the prime factors of z.
2
Let s be ((-1)/2)/(2/(-20)). Let n(q) = -q**3 + 9*q**2 + 13*q + 3. Let w be n(10). Let l = s + w. What are the prime factors of l?
2, 19
Suppose 0*b - 5220 = -20*b. List the prime factors of b.
3, 29
Let a be (0 - -1) + (-8)/4. Let s(d) = 2. Let p(q) = q - 3. Let w(z) = -3*p(z) - 4*s(z). What are the prime factors of w(a)?
2
Let j = 570 - 336. Let k = -155 + j. What are the prime factors of k?
79
Let g(l) = 3*l - 2. Let w be g(2). Let j be w/(-10)*5*-1. Suppose -v - 25 = -j*v. List the prime factors of v.
5
Let w be (-3)/((-9)/(-2))*-3. Suppose d - 1 = -w*h + 3, -2*d - 5*h = -5. Let g(p) = p**3 - 9*p**2 - 10*p + 8. List the prime factors of g(d).
2
Let r(q) = q + 4. Suppose w - 2 = 0, 5*c + 3*w + 2 = -2. List the prime factors of r(c).
2
Let s(y) = -y**3 + 6*y - 2. Let o(p) = -4*p**3 - 2*p**2 + 2*p. Let f be o(1). What are the prime factors of s(f)?
2, 19
Suppose 2*u = h - 1, h + 3 - 4 = 5*u. Suppose -4*y - y - 225 = u. Let q = -7 - y. What are the prime factors of q?
2, 19
What are the prime factors of 1*3 + -1*(-264 - 3)?
2, 3, 5
Let d(c) = 13*c**3 + 5*c**2 + 19*c - 25. Let z(f) = 7*f**3 + 2*f**2 + 10*f - 13. Let x(p) = 6*d(p) - 11*z(p). List the prime factors of x(-6).
41
Suppose 0 = 4*h - 9 - 23. Suppose h*m - 658 = -42. What are the prime factors of m?
7, 11
Let c be 1/2 + 152/16 - 2. Suppose -2*y - 4*h = -3*h - 9, 24 = 4*y + 4*h. Let t = c + y. List the prime factors of t.
11
Let x(m) = 166*m + 7. What are the prime factors of x(8)?
3, 5, 89
Suppose -2910 - 1650 = -5*w. List the prime factors of w.
2, 3, 19
Suppose 4*n - 453 = n - 3*s, 0 = 2*n - s - 305. Suppose -3*k + n = -0*k + 2*c, k = -3*c + 53. List the prime factors of k.
2, 5
Suppose -4*h = -h + 21. Let j = h - -5. List the prime factors of (-410)/(-10) - (0 - j).
3, 13
Let s(y) = 14*y**2 - 38*y + 24. Let t(h) = -9*h**2 + 25*h - 16. Let z(u) = -5*s(u) - 8*t(u). What are the prime factors of z(7)?
2, 3
Suppose -x + 24 = 3*n, 18 = n + 2*n + 3*x. Let l be -18*n/(108/8). Let u = 19 + l. What are the prime factors of u?
7
Let x(k) = 2*k + 2. Let u be x(12). List the prime factors of 1*(-3 + u + 3).
2, 13
Suppose 0 = 5*o + 5*z - 15345, 0 = -2*o - z - 2295 + 8434. List the prime factors of o.
2, 5, 307
Let s(a) = -a**2 - 11*a - 18. Let g be s(-6). Suppose 14*o - 262 = g*o. List the prime factors of o.
131
Suppose -5*l = -v + 5*v - 532, -8 = -2*l. Suppose 13*h + v = 17*h. List the prime factors of h.
2
Suppose k - 106*r = -103*r + 1114, 0 = 4*k + 4*r - 4504. What are the prime factors of k?
1123
Let i be (-6)/9*(-4 - -1). Suppose 3*v = -i*o + 80, 4*v - 3*o - 102 = -o. Let t = 13 + v. List the prime factors of t.
3, 13
Let r(b) = 8*b**2 - 25*b - 125. What are the prime factors of r(-10)?
5, 37
Suppose 0 = j - 0*j - 10. Suppose -4*x + 6 = -5*v, -4*x + v + j = -x. Suppose x*o = 89 - 5. List the prime factors of o.
3, 7
Let d(f) = 4*f**2 + f - 36. What are the prime factors of d(-7)?
3, 17
Let d(x) = x**2 - 2*x. Let g = 0 - -2. Let t be d(g). Suppose -4*j - 4*w = -68, 2*j + w - 34 + 2 = t. List the prime factors of j.
3, 5
Suppose -2*f = 3*x - 0*x - 320, -438 = -4*x + 3*f. Suppose 2*p = 36 + x. What are the prime factors of p?
2, 3
Suppose 28 = 3*p - 7*p. Let v(l) = -l**3 - 7*l**2 - 5. Let w be v(p). Let g(z) = -4*z + 2. List the prime factors of g(w).
2, 11
Let x(o) = -o**3 - 17*o**2 + 13*o - 31. Let d be x(-18). Let z = d + 108. What are the prime factors of z?
167
Let r(k) = 3*k - 3. Let n be r(7). Let p be (-3)/(-18) + (-3)/n. Suppose p = 4*l + l - 55. What are the prime factors of l?
11
Suppose 0 = -0*n - 6*n + 1440. Let v be (2/5)/((-4)/n). List the prime factors of (-21)/2*32/v.
2, 7
Let h(o) = -6*o + 16 + 2*o**2 - 12*o - o. What are the prime factors of h(12)?
2, 19
Suppose -5*o = -25, g + 4*o - 28 = 5*g. Let d(m) = 4*m**2 - 2*m + 2. Let n be d(-6). What are the prime factors of g/(-8) + n/8?
2, 5
Let q be (2 + 1 - 3)/(0 - 1). Suppose -3*p + t + 311 = -q*t, -5*t = -3*p + 319. List the prime factors of p.
103
Suppose -3*w + 0*w = -24. Suppose -5*z - 414 = -w*z. Let g = z - 97. What are the prime factors of g?
41
Let g be (0/2)/(3 + -1). Suppose 5*u - 987 = 2*r, -391 = -2*u - g*u - 3*r. List the prime factors of u.
197
Suppose -4*j - 11 = -3*j. Let u = j + 77. List the prime factors of u.
2, 3, 11
What are the prime factors of 491 + 5 + -2 + -2?
2, 3, 41
Suppose -26*p - 18 = -24*p. Let g = 65 - p. List the prime factors of g.
2, 37
Let x be (-4 - (-3 - -3)) + 805. Let v be x/(-63) - 4/14. Let l(t) = -t**2 - 14*t + 14. What are the prime factors of l(v)?
3
Let a be 680/15*12/8. Let n = 104 - a. What are the prime factors of n?
2, 3
Let w = 21 + -8. Let o(d) = -d**3 + 13*d**2 + 2*d - 10. List the prime factors of o(w).
2
Let f = 539 + -463. What are the prime factors of f?
2, 19
Let n be (4/(-5))/((-6)/15). Suppose -2*i = -2*v - 8 - 0, 2*i = 5*v + n. Suppose 3*s - i = 15. What are the prime factors of s?
7
Let l(p) = 1295*p - 40. List the prime factors of l(2).
2, 3, 5, 17
Let g(n) = 17*n - 3. Let t be g(1). Suppose w = -0*w - t. List the prime factors of 1734/42 - (-4)/w.
41
Let r be -2 + 2 + (2 - 0). Let x be -1 + 24/(r + 1). Let g = x - -37. List the prime factors of g.
2, 11
Let j(z) = -50*z + 37. List the prime factors of j(-22).
3, 379
Let y = -36 - -53. What are the prime factors of (1*y)/((-9)/(-36))?
2, 17
Let j = 3022 - 969. List t